{"id":656,"date":"2025-10-24T12:20:05","date_gmt":"2025-10-24T10:20:05","guid":{"rendered":"https:\/\/wordpress2570618.home.pl\/autoinstalator\/wordpressplus2\/?page_id=656"},"modified":"2025-12-05T08:57:29","modified_gmt":"2025-12-05T07:57:29","slug":"anna-kuderska","status":"publish","type":"page","link":"https:\/\/konferencjabialystok.pl\/index.php\/anna-kuderska\/","title":{"rendered":"Anna Kuderska"},"content":{"rendered":"\n<div class=\"wp-block-columns is-layout-flex wp-container-core-columns-is-layout-9d6595d7 wp-block-columns-is-layout-flex\">\n<div class=\"wp-block-column is-layout-flow wp-block-column-is-layout-flow\" style=\"flex-basis:33.33%\">\n<figure class=\"wp-block-image size-full is-resized is-style-default\"><img loading=\"lazy\" decoding=\"async\" width=\"484\" height=\"691\" src=\"https:\/\/konferencjabialystok.pl\/wp-content\/uploads\/2025\/12\/anna-kuderska.jpg\" alt=\"\" class=\"wp-image-1120\" style=\"width:272px;height:auto\" srcset=\"https:\/\/konferencjabialystok.pl\/wp-content\/uploads\/2025\/12\/anna-kuderska.jpg 484w, https:\/\/konferencjabialystok.pl\/wp-content\/uploads\/2025\/12\/anna-kuderska-210x300.jpg 210w\" sizes=\"auto, (max-width: 484px) 100vw, 484px\" \/><\/figure>\n<\/div>\n\n\n\n<div class=\"wp-block-column is-layout-flow wp-block-column-is-layout-flow\" style=\"flex-basis:66.66%\">\n<p style=\"padding-left: 5%; padding-right: 5%; text-align: left\"><strong>Anna Kuderska<\/strong> &#8211; kurator zawodowy z wieloletnim sta\u017cem w Zespole Kuratorskiej S\u0142u\u017cby S\u0105dowej do Wykonywania Orzecze\u0144 w Sprawach Karnych S\u0105du Rejonowego w Bielsku Podlaskim. Z do\u015bwiadczeniem pedagogicznym i z pracy w Policji. Kurator penitencjarny w Areszcie \u015aledczym w Hajn\u00f3wce, zaanga\u017cowana w realizowanie program\u00f3w readaptacji spo\u0142ecznej  \u201ePomoc Powr\u00f3t\u201d, \u201eTacy sami &#8211; nie ma \u015bciany mi\u0119dzy nami\u201d, \u201ePrzej\u015bci\u00f3wka\u201d, \u201eZad\u0142u\u017cenie to nie wi\u0119zienie\u201d, odbywaj\u0105cych si\u0119 cyklicznie w Areszcie \u015aledczym w Hajn\u00f3wce. Wsp\u00f3\u0142tworzy\u0142a  Stowarzyszenie na rzecz przeciwdzia\u0142ania przemocy w rodzinie \u201eFundament\u201d.<\/p>\n\n\n\n<p class=\"has-text-align-left\"><\/p>\n<\/div>\n<\/div>\n\n\n\n<div style=\"height:20px\" aria-hidden=\"true\" class=\"wp-block-spacer\"><\/div>\n","protected":false},"excerpt":{"rendered":"<p>Anna Kuderska &#8211; kurator zawodowy z wieloletnim sta\u017cem w Zespole Kuratorskiej S\u0142u\u017cby S\u0105dowej [&hellip;]<\/p>\n","protected":false},"author":1,"featured_media":0,"parent":0,"menu_order":0,"comment_status":"closed","ping_status":"closed","template":"","meta":{"footnotes":""},"class_list":["post-656","page","type-page","status-publish","hentry"],"_links":{"self":[{"href":"https:\/\/konferencjabialystok.pl\/index.php\/wp-json\/wp\/v2\/pages\/656","targetHints":{"allow":["GET"]}}],"collection":[{"href":"https:\/\/konferencjabialystok.pl\/index.php\/wp-json\/wp\/v2\/pages"}],"about":[{"href":"https:\/\/konferencjabialystok.pl\/index.php\/wp-json\/wp\/v2\/types\/page"}],"author":[{"embeddable":true,"href":"https:\/\/konferencjabialystok.pl\/index.php\/wp-json\/wp\/v2\/users\/1"}],"replies":[{"embeddable":true,"href":"https:\/\/konferencjabialystok.pl\/index.php\/wp-json\/wp\/v2\/comments?post=656"}],"version-history":[{"count":0,"href":"https:\/\/konferencjabialystok.pl\/index.php\/wp-json\/wp\/v2\/pages\/656\/revisions"}],"wp:attachment":[{"href":"https:\/\/konferencjabialystok.pl\/index.php\/wp-json\/wp\/v2\/media?parent=656"}],"curies":[{"name":"wp","href":"https:\/\/api.w.org\/{rel}","templated":true}]}}